the remainder when (q/a)/((-3)/(-8)) is divided by 2?
0
Suppose 4*f - 21 = -1. Suppose -f*x + 120 = x. Let w = -11 + 18. What is the remainder when x is divided by w?
6
Let v(d) = -d**2 - 13*d + 33. Let w = -14 + 9. Let g = w - -7. Calculate the remainder when v(-15) is divided by g.
1
Let j(m) = m**3 + m**2 + 26. Suppose -90 = -2*u - 5*v, -2*u = 2*u - 3*v - 206. What is the remainder when u is divided by j(0)?
24
Let u(c) = c**2 + 6*c - 5. Let n be u(-7). Suppose 3*b + 58 = 5*z, 2 = -4*b - n. Suppose 5*i + z = 36. What is the remainder when 9 is divided by i?
4
Let b = 18 + -13. Suppose -b*w - 2*y + 0 = -99, -5*w + 120 = -5*y. Suppose p = 4*p - w. Calculate the remainder when 12 is divided by p.
5
Let r(p) = -4*p**2 - 2*p + 7. Let q(g) = 5*g**2 + 3*g - 7. Let a(v) = 3*q(v) + 4*r(v). What is the remainder when a(0) is divided by 5?
2
Let l(c) = -6*c - 6. Let r(j) = 7*j + 6. Let b(g) = 3*l(g) + 2*r(g). What is the remainder when 27 is divided by b(-4)?
7
Suppose -l - l = -124. Let n(h) = -h**3 + 8*h**2 + 8*h - 51. Calculate the remainder when l is divided by n(8).
10
Let w = 46 - 33. Suppose -77 = -4*b + 67. Calculate the remainder when b is divided by w.
10
Let l be 1 - (5 - 3) - -3. Suppose z + l*w = -1, -3*w - 19 = -3*z + z. Calculate the remainder when z is divided by 3.
2
Suppose 4*b = 3*r + 27, -6 = 2*b + 2*r - 30. Let s = -11 - -17. What is the remainder when b is divided by s?
3
What is the remainder when 76 is divided by ((-72)/90)/(2/(-65))?
24
Let i = -24 + 54. Calculate the remainder when i is divided by 8.
6
Let f(g) = g + 6. Let j be f(-4). Calculate the remainder when (4 - 9/j)*-54 is divided by 6.
3
Let h(m) = 2*m**2 + 6*m - 11. Calculate the remainder when h(-7) is divided by 26.
19
Let b(x) be the third derivative of -x**6/120 + x**5/10 + x**4/12 - 7*x**3/6 + 7*x**2. Calculate the remainder when b(5) is divided by 6.
4
Let c be 2*(1 + 18/(-4)). Let f be ((-30)/c)/(6/42). Let d = 43 - f. Calculate the remainder when 38 is divided by d.
12
Let c(l) = -2*l - 9. Let t be c(-7). Suppose m + 21 = 2*q, 3*m - 2 = -t. Calculate the remainder when 38 is divided by q.
8
What is the remainder when (-10)/(2/14*-2) is divided by ((-270)/(-25) - (-2)/10) + 1?
11
Let l = 167 + -93. What is the remainder when l is divided by 25?
24
Suppose -4*m + 40 = -28. What is the remainder when 33 is divided by m?
16
What is the remainder when (-166)/(-8) - 2/(-8*1) is divided by 12?
9
Suppose -48 = -3*z - 3*j, -j + 3 - 2 = 0. What is the remainder when 220 is divided by z?
10
Let i be (-8)/(-2 + (-12)/(-9)). Suppose -5*f = -i - 23. Calculate the remainder when 13 is divided by f.
6
Let c = 7 + 2. Let l = 21 - 5. What is the remainder when l is divided by 3/(-1 - (-12)/c)?
7
Let k(d) be the third derivative of -d**5/60 + 7*d**4/24 + d**3/3 - 3*d**2. What is the remainder when k(7) is divided by 2?
0
Suppose 0 = -4*g + 26 + 46. Suppose 5*h - 62 = -z, 6*z - 256 = z + 2*h. Calculate the remainder when z is divided by g.
16
What is the remainder when (2 + 28/(-8))*(-18)/1 is divided by 11?
5
What is the remainder when 70 is divided by (-6)/33 + (-798)/(-33)?
22
Let y = -1 - -3. Suppose 0 = 2*n + 4*g - 2*g - 12, -y*g + 16 = 3*n. Suppose -3*d + 78 = -4*b, n*b = b. What is the remainder when d is divided by 14?
12
Let g = -9 + 15. Suppose g + 6 = 3*d. What is the remainder when d is divided by (-2)/3*(-3)/1?
0
Let j(t) = t**2 - 8*t - 9. Let p be j(9). Suppose p = -4*b - 2 + 6. Suppose 11 = m - b. What is the remainder when m is divided by 7?
5
Let r(j) = 2*j - 1. Let b be r(3). Let g be (-2 - 0)/2*-15. Let c = g + b. What is the remainder when c is divided by 11?
9
Let d(n) = 7*n - 7. Let c be d(-11). Let z = -47 - c. What is the remainder when z is divided by 10?
7
Suppose -16*c = -c - 375. What is the remainder when 45 is divided by c?
20
Let h be 3/(-4) - (-1118)/8. Suppose 5*f - 23 = q - 0*q, -f + h = -5*q. Let z = q + 47. What is the remainder when z is divided by 10?
9
Let w(z) = -z**2 - 11*z - 8. Calculate the remainder when w(-9) is divided by 4.
2
Suppose -6 = -2*o, 3*g = -2*o + 3*o + 36. What is the remainder when 23 is divided by g?
10
Let n(v) = 4*v**2 - v + 3. Let p(o) = 2*o**2 - o**2 + o + 0*o. Let y(k) = n(k) - 3*p(k). What is the remainder when 23 is divided by y(5)?
7
Let l be 2*(-2)/8*-70. Let n = -19 + l. What is the remainder when 46 is divided by n?
14
Let x = 47 - 31. Let g = 6 + 0. Calculate the remainder when x is divided by g.
4
Suppose -3*p = -2*f + 2*p + 16, 0 = 5*p. Suppose -66 = 4*l + 5*k, -3*l + 4*k - 5*k - 44 = 0. Calculate the remainder when (-4)/l - 412/(-28) is divided by f.
7
Let h(n) = n**2 + 2*n - 1. What is the remainder when (-4)/24 + (-242)/(-12) is divided by h(2)?
6
Let p(w) = w + 2. Suppose -z - 4*z + 10 = 0. What is the remainder when p(0) is divided by z?
0
Suppose -1 - 4 = h. Suppose 0 = 4*d + 5*f - 48 + 4, -11 = -d - 4*f. Calculate the remainder when d is divided by ((-36)/15)/(2/h).
5
Let q = -3 + 5. What is the remainder when (-23)/(-5) - 2/(-5) is divided by q?
1
Let l = -95 - -160. Suppose o - 15 = 2. What is the remainder when l is divided by o?
14
Let c(g) = 18 - 1 - 2 + g. Calculate the remainder when 13 is divided by c(-10).
3
Suppose 4*m - 310 = -m. Suppose -y + m = y. What is the remainder when 92 is divided by y?
30
What is the remainder when 10/15 + 338/6 is divided by 29?
28
Let p = 76 - 27. Suppose -5*r = -5*d + 100, -3*d - 2*d + 82 = r. What is the remainder when p is divided by d?
15
Let f(k) = k**3 - 10*k**2 - 13*k + 47. What is the remainder when 111 is divided by f(11)?
11
What is the remainder when ((-33)/2 - -1)/((-11)/22) is divided by (16/3)/((-1)/(-3))?
15
Let i(w) = -w + 23. What is the remainder when 91 is divided by i(-9)?
27
Let a = 25 - 6. Let z(j) = j**3 - j + 7. Calculate the remainder when a is divided by z(0).
5
Let h(q) = -3*q - 4. Let s be h(-4). Suppose -s*g + 3*g = -255. What is the remainder when g is divided by 27?
24
Suppose -35 - 229 = -6*m. Calculate the remainder when m is divided by 15.
14
Let d = 63 - 43. Suppose -2*w = -3*w + d. What is the remainder when w is divided by 7?
6
Suppose 4*d + 22 = 5*d. Suppose 1 = i - d. What is the remainder when i is divided by 12?
11
Let f be ((-36)/(-15))/((-2)/(-10)). What is the remainder when 220/f + (-1)/3 is divided by 7?
4
Let b = -1 - -4. Suppose -14*k + 24 = -10*k. Calculate the remainder when k is divided by b.
0
Calculate the remainder when 20 is divided by 9/2 + (-4 - (-10)/4).
2
Let t(f) = -f**2 - 11*f - 2. Let c be t(-10). Let u = 19 - c. Calculate the remainder when u is divided by 7.
4
Suppose 0 = -2*z + 7*z - 195. What is the remainder when z is divided by 5?
4
Let t(y) = y**3 + 6*y**2 - y - 1. Let u be t(-6). Let h(v) = 2*v + 2. Calculate the remainder when h(u) is divided by 5.
2
Suppose -40 = -5*n + 4*j - 2*j, -16 = -2*n - 5*j. Let y = 25 - n. What is the remainder when y is divided by 7?
3
Let u = -20 - -35. Let t(o) = o + 1. Let j(r) = 8*r - 2. Let m(v) = j(v) - 6*t(v). What is the remainder when u is divided by m(8)?
7
Let k(m) = -3*m**2 - 5*m - 11. Let b(a) = -a**2 - 3*a - 6. Let y(l) = 5*b(l) - 2*k(l). What is the remainder when y(8) is divided by 9?
7
Let v be 7 - (8 - 2)/2. Let p = v - 2. Suppose o = p*o + 3*x - 1, -31 = -4*o - 3*x. What is the remainder when 18 is divided by o?
8
Calculate the remainder when 2/6 - (1364/(-12) + -1) is divided by 29.
28
Let r = 49 - 29. Calculate the remainder when r is divided by 13.
7
Let u(v) = -v + 6. Let m be u(6). Let z be 43 - 1/(m + -1). Suppose 0*c + z = 2*c. What is the remainder when c is divided by 8?
6
Suppose -3*o = 4*o - 126. What is the remainder when 52 is divided by o?
16
Suppose q = -2*q + 36. Calculate the remainder when q is divided by 2.
0
Let i = 105 - 57. Suppose 8*c - i = 4*c. Calculate the remainder when 21 is divided by c.
9
Let x(s) = -s + 1. Calculate the remainder when 32 is divided by x(-16).
15
Let o be (-8 + 6)*23/2. Calculate the remainder when o/(-1) - -2 - 0 is divided by 13.
12
Let x(n) = 2*n + 2. Let y be x(2). Suppose -4*t + 3*t + y = 0. What is the remainder when 15 is divided by t?
3
Calculate the remainder when 10 is divided by (-10)/15*(-1 - 8).
4
What is the remainder when 31 is divided by (-2 - -3)/(2/32)?
15
Let j = -3 + 4. Let